(-1 - (-48 + 35))?
85
13568 - 13448 - (230 - 1)
-109
Evaluate -1 + 0 + 19 + -70 + 65.
13
What is 5 + 0 + (2 - -17) + (16 - 3)?
37
What is the value of -2 + -51 + -21 + 14 + 26 + -16?
-50
Calculate (132 - 146) + 22 + 1 - -84.
93
Calculate -64 - -30 - -160 - 2 - -17.
141
Calculate -20 - -1 - (13 - (26 - 23)).
-29
Calculate -138 - (15 + -23 + 4 - (-9 - -24)).
-119
What is the value of 16 + -1 + (-16 + 32 - 49) + 14?
-4
Calculate 10 - (-68 - 1 - ((-19 + 26 - -28) + -25)).
89
Calculate (13 - (-10 + -2)) + -48 - -25.
2
What is the value of (13 - 0) + (13628 - 13696)?
-55
Calculate 7 + (9 - (4 - -1)) - (-2 - 66 - -5).
74
Evaluate 6 + (-13 - (-2 + -8 + 5)).
-2
What is the value of 70 - (-3 + 12 + 507 + -483)?
37
Evaluate (2 - ((12 - 11) + -5)) + 10 + -93 + -8.
-85
Calculate 17 + -4 + -9 + (-196 - -160).
-32
(3 - -2) + 43 + (27 - 63)
12
-18 + (19 - -29) - (38 + -8)
0
What is -142 + 92 + (2 - (10 - -1))?
-59
What is (-18 - -14) + (2 - 3 - (79 - 70))?
-14
What is 12 + -6 + (5 - 7) - (1 - (-24 - 3))?
-24
Calculate (0 + -8 - (-13 - (-11 - -9))) + 2 + 43.
48
Evaluate 3 - (0 - -33) - (-11 - 0 - (226 + -233)).
-26
What is the value of (-36 - (41 + -100)) + (-121 - -22)?
-76
What is the value of 70 + (-7 - (-3 - -1 - -3)) + (-9683 - -9702)?
81
Calculate (0 - 8 - 2) + -8 + (17 - -19 - 37).
-19
-4 + (-4 + 8 - ((8 - 6) + -23))
21
What is 1 + -22 - 1 - (-55639 - -55482)?
135
Evaluate -36 + -22 + 25 - -62.
29
Evaluate (23 + (20 - 39) + 3 - -4) + (0 - 11).
0
-27 - (-3 + ((-10 + 9 - -5) + 4 - 17))
-15
What is the value of -1 + (-21 - (-18 + (-6 - -9))) + 0 + -80?
-87
(-1 - 23 - 3) + 35 + -3 + 37
42
38 + -24 + -4 + -30 - 9
-29
What is -13 + -1 - (-1034 - -1003)?
17
-10 + 5 - -11 - 4 - -9 - -4
15
47 + -291 + 172 - (0 - 33)
-39
Evaluate (-56 - (-14 + (0 - 8 - -2))) + -10 + 1.
-45
Calculate 13 + (44 - (20 + 9 + (-22 - 0))).
50
What is (-51 + 6 - -1) + -15 + (-3 - -3)?
-59
Evaluate 6 + -73 + 91 + -14.
10
What is the value of -1026 + 988 + 3 + -6?
-41
What is -9 + 10 + -5 + 23 - 32?
-13
Calculate (-6 + -26 - (-22 - (10 - 16))) + 82.
66
What is (13 - (-8 - 9)) + (-1 - -3 - -10)?
42
(-67 - (43 + -43)) + 104
37
Evaluate 7 + (37 - 50) - -44.
38
Evaluate -46 + (-3 - (-24 + 1)) - 21.
-47
What is (2615 - 2594) + (50 - 0)?
71
15 - (58 + 2 + -49)
4
-1 + -19 + (97 - (-292 + 328))
41
Evaluate 295 + -306 - (-3 + -3 - (23 - 8)).
10
What is the value of 11 + (-6 + -8 - -2) + (56 - 2) + -7?
46
What is -19 - -6 - (-1 + -2) - (79 + 3 + 4)?
-96
What is the value of (-8 - (2 - 35)) + -35 - (0 - 1)?
-9
-12 - (21 + 10) - (-6 - (-1 + -2))
-40
What is (22 - -10) + -16 + -22 + 29?
23
What is the value of 111 - (14 + 104) - (-78 - 2)?
73
Evaluate (20 - (-13 + 27)) + -8 + -12 + 17.
3
(6 - (0 - 1)) + 161 + -169
-1
What is (-11 - -29 - -5) + (-8 - -17) - 3?
29
What is (-1 - 2) + (-40 - (25 + -92)) + 0 + -17?
7
Calculate (-18 - 15) + (32 - (-9 - 126)).
134
(40 - -12) + 9 - 147
-86
Calculate 1 - 10 - (-55 - (38 - (49 + -84))).
119
Calculate (-9 - (-8 - (11 - 26))) + -6.
-22
What is -77 + 89 + (-3 - (8 - -10))?
-9
Evaluate -132 - -102 - (-22 - 57).
49
Calculate (2 - 8) + -31 + (-14 + -17 - -13 - -8).
-47
Calculate (-3716 - -3712) + (0 - 90 - (1 - -1)).
-96
Calculate -35 - ((34 - 42) + -136) - 26.
83
Calculate 78 + (28 - -113) + -101.
118
(37 - (-38 + 45)) + 30
60
What is the value of (0 - 9) + 1 - ((-24 - (-15 - 27)) + 18)?
-44
What is the value of (28 - (17 + -6) - -6) + 4 + 6?
33
-19 - -11 - -1 - -3 - -16 - (-16 + -6)
34
-33 + -37 + (6 - 36 - -1)
-99
What is the value of 126 + -214 - (-19 + (4 - 6) + 9)?
-76
Evaluate -18 - (13 - 24) - -51.
44
Evaluate -133 - (-155 + (14 - -81)).
-73
What is the value of (60 - -35 - 14) + -60?
21
Calculate (33 - (-12 - (1 - 19)) - 3) + -72.
-48
What is -6 + 5 - (7 - 2) - (4906 - 5007)?
95
What is 9 + (-23 - (-11 - (8 + -4)) - -1)?
2
What is -3 - 2 - (2 + (2 - 2) - (-397 + 356))?
-48
What is the value of (1 - (-3 - 1)) + (-18 - 11 - 7) + -6?
-37
Calculate -2 - -10 - -2 - (84 - (146 + -48)).
24
-6 - (4 + -11) - -1 - -29
31
-7 + 1 + -4 + (330 - 284)
36
What is the value of (72 - 46 - -11) + -83?
-46
What is the value of (-6025 - -6105) + (-24 - (-3 - -1))?
58
0 + 1 + -1 + -95 + 230 - (-398 - -397)
136
Evaluate (54 - 71) + -46 - -57.
-6
Calculate -34 - (-117 + 67) - (5 + 1).
10
What is -29 - -83 - (6 + -27 + -1)?
76
Calculate (62 - (39 + -56)) + 26.
105
What is the value of -3 + 6 + -6 + -55 + (-19 - -10)?
-67
What is the value of -1807 - -1776 - (-3 - -20)?
-48
Evaluate (10 + 5 + -35 - 7) + 24.
-3
Calculate (-8 + 41 - 18) + -5 + 20.
30
What is 4 - 6 - 98 - (-63 + (27 - -17))?
-81
Evaluate 36 - 28 - (13 + -69 - (-1 + 5 + 2)).
70
What is the value of (-121 - -17) + (75 - 15)?
-44
What is -3 + -66 - (1591 + -1676)?
16
Evaluate -14 + (7 - (-9 + 7 - (0 - 1))) - 29.
-35
-2 - (-5 + 13) - (16 - (54 + 6))
34
-12 + (26 - 6) + 34 + -22 + 4
24
Calculate (29 - 15) + (43 - 160).
-103
Calculate -32 + (-8 - -23) + (-16 - 0).
-33
What is -16 + 10 + (14 - 13) - -27?
22
What is the value of -1 + -113 + 15504 + -15508?
-118
-18 + (67 + -18 - 5) + -21
5
What is (-10 - -20) + (56 - 96)?
-30
Evaluate (-48 - (-76 + -86)) + -33.
81
What is the value of (-1 - -1) + (24 + 4 + -34 - -10) - -31?
35
16 - (3 + 16 + (-39 - -4) - -29)
3
What is 10 - (-45 + (-17 - -31 - (24 + 5)))?
70
Calculate (-3 - (-4 + 2) - -58) + (-9999 - -9988).
46
Calculate -23 - (-94 - 4) - 49.
26
What is the value of (25 - 10) + (1 - 9 - (5 + 1 - 4))?
5
Calculate -13 - -9 - 0 - (16 - (0 + 16)) - -86.
82
What is the value of -9 + (-15 - (0 + -30)) + -2?
4
0 + -1 - -5 - (-19 + 1 - (-294 - -360))
88
Evaluate (-69 - (-77 + 92)) + -14 + 7.
-91
What is the value of (43 - 3) + -6 + -4 + 101?
131
Calculate -61 - (8 + -51) - (-10 - -2).
-10
1 + 1 + (-29 - -5) + (-42 - (-166 + 31))
71
Evaluate -10 - (41 - 23) - (1 - 1).
-28
Calculate -33 + (85 - (-12 - (-44 - -52))).
72
Calculate -22 - ((-8 - -15) + (-6 - -17)).
-40
What is -6 + 0 + -7 + (6 - 4)?
-11
What is -5 + 6 + 20 - (6 + 124 + -63)?
-46
Calculate 172 - (-104 - -129) - 118.
29
What is the value of (-218 + 211 - (-1 - -1)) + (-16 - -1) + 4?
-18
What is the value of -1 + (-12 - -16) + (-73 + -5 - 8)?
-83
Calculate -5 + -7 + 4 + -13 + 2 + (5 - 5).
-19
(2 - 6) + 90 + -18 + 6
74
(-3899 - -3900) + -45 + -1 + (-1 - (-1 + 2))
-47
What is 1 + -69 + (-259 - (-122 - 165))?
-40
What is the value of (51 - (7 + (1 - 8))) + (8 - -4)?
63
What is 109 + -202 + 79 + (2 + 36 - 3)?
21
What is the value of 35 + -19 + (-49 - -41)?
8
Evaluate 15 - (-12 - -20 - (1 + 5) - -8).
5
Calculate -39 + 59 + (4 - 14 - -11) + -5.
16
Evaluate -6 - ((1 + 7 - 17) + -1 + 2) - 49.
-47
Calculate 0 - (-2 + (2 - 4)) - (23 + (-26 - -20)).
-13
What is the value of -111 + (163 - 75) - (-2 - 58)?
37
(-2 - -2) + -42 - (-16 - (29 + -29 - 24))
-50
Calculate 71 + -67 - (-32 + 29 - (-48 - 1)).
-42
Evaluate (8 - 1 - -17) + (17 - -10) + 98.
149
Evaluate 0 - (9 - ((-4 - 10) + 3)) - (14 + -25).
-9
(-16 - (-16 + 7 - 4)) + -6 + 5
-4
Evaluate -47 - (20 - (35 - 0)).
-32
What is the value of -1 + -22 + -1 + 22 + (9 - 3) + -7?
-3
What is -1 + 8 - (-53 + (108 - (-25 + -19)))?
-92
What is the value of -42 + 30 - 10 - (-4 + 6 + -5)?
-19
What is (3 - 3) + -14 - (27 + 15 + -36 + 2)?
-22
What is the value of (50 - 60) + -19 - 2?
-31
Calculate (66 - 2) + -79 - -35.
20
What is -1 + (5 - 2 - (-12 - -21)) - -66?
59
What is 1 + 87 + 33503 + -33613?
-22
Evaluate 6 - (1 - -1 - (-262 + 272)).
14
Evaluate (31 - 52) + (15 - -8) + -6.
-4
Calculate 61 + -31 + -38 + 23.
15
What is the value of -6810 - -6692 - (-105 - -1)?
-14
What is 1 - ((-75 - (-125 + 49)) + (36 + -1 - -2))?
-37
What is the value of 23 - (-8 + -43 + 52)?
22
Calculate -7 - (-2 - ((-2 - 29) + (-31 - -17) + -7)).
-57
Calculate (25 + -60 - -21) + 9.
-5
Evaluate (5 - (-27 - -49)) + -14 + (-13 - 0).
-44
18 + -17 + 120 + 56 + -25
152
What is the value of (-2 + 29 - -154) + -117?
64
What is -60 + (223 - 146) + 2 + (-2 - -38)?
55
Evaluate (-9 - -3) + (3 - -1 - -63 - 16).
45
What is the value of -49 - ((19 - -66) + -69)?
-65
What is the value of (1 - -2 - 37) + -6 + 4 + -8?
-44
What is the value of 22 + (-75 - 0 - 5) - (-12 - (2 + -4))?
-48
Calculate 7 + -5 + (-57 - -22) + 25.
-8
What is the value of -221 - (-257 + 15) - (-1 + -32 + 1)?
53
What is 78 - (-12 - 1 - (-3280 + 3261))?
72
Calculate (222 - 6